 40. Let z be q(20). What is the greatest common factor of b and z?
5
Let v = 42 - 43. Let c be v/5*-5 + 2. Suppose -c*g - p + 60 = 0, -2*g - 5*p + 20 = -7. What is the greatest common divisor of 84 and g?
21
Let z(k) = -364*k**3 + 4*k**2 - 58*k - 58. Let i be z(-1). Suppose 0 = -3*r + 99 - 3. Calculate the highest common divisor of r and i.
16
Suppose 0 = -y + 2 - 0. Suppose 4 = -y*x, 2*u - 288 = -0*x + 4*x. What is the highest common factor of u and 4?
4
Let z = -35404 - -35419. Calculate the highest common factor of 28245 and z.
15
Suppose 0 = 474*f - 472*f + 24. Let u be -10*((-224)/(-21))/(10/f). Calculate the highest common factor of u and 96.
32
Suppose 78 = 4*q - 2*b, 5*q + 44*b - 48*b - 99 = 0. What is the highest common factor of 4 and q?
1
Suppose -5*v + 2*f + 175 = -240, 4*v - 2*f = 334. Suppose a + 40*r = 43*r, -4*r = -24. What is the highest common factor of a and v?
9
Let g(d) = 14383*d + 14402. Let m be g(-1). Suppose 0 = -z - 2 + 4. What is the highest common divisor of z and m?
1
Let v be -6 + ((-1393476)/(-265) - ((-6)/(-15))/1). Calculate the highest common divisor of 4 and v.
4
Let c = 119767 - 119695. Suppose -v = 2*v - 162. What is the greatest common factor of v and c?
18
Let x(j) = 27*j - 79. Let s(u) = -29*u + 88. Let n(g) = 6*s(g) + 7*x(g). Let y = -8 - -13. Let k be n(y). Calculate the highest common divisor of 20 and k.
10
Let k(h) = -3*h**2 - h + 52. Let z be 356/(-801) + (-8)/(-18). Let n be k(z). What is the highest common divisor of 4 and n?
4
Let i(g) = 15*g + 15. Let u(z) = 7*z + 7. Let v(r) = -4*i(r) + 9*u(r). Let s be v(0). Suppose s*h = h + 42. Calculate the greatest common factor of 231 and h.
21
Let v be (0 + (-5)/6)*-9*(-3172)/(-305). What is the greatest common factor of v and 7618?
26
Let w be (-140)/(-8)*-4*(-7)/(-2). Let u be w/(-15)*39 - -3. What is the greatest common factor of 10 and u?
10
Let a = 77 - 73. Suppose -2*l = 2, a*l - 14 = -0*s - 2*s. Calculate the highest common divisor of s and 9.
9
Let r = -57 + 77. Suppose -8 + r = s. Suppose 0 = x - s*x + 198. Calculate the greatest common factor of 72 and x.
18
Suppose 10*j - 4438 = -4*j. Suppose 377 = 5*x + j. What is the greatest common divisor of x and 44?
4
Let y(p) = 17*p + 265. Let s be y(-13). Calculate the greatest common divisor of s and 16.
4
Let y = -2192 + 2198. Calculate the highest common factor of y and 1758.
6
Let n be (1/2)/(3/(-42)). Let b(k) = -k**2 - 9*k - 4. Let r be b(n). Let y = -221 + 223. Calculate the greatest common factor of r and y.
2
Let k be 3915/171 - 14/(-133). Calculate the greatest common divisor of k and 1472.
23
Let b(y) = -32*y**2 + y + 9. Let i = -46 + 43. Let f be b(i). Let k be (-18)/42 - f/21 - 0. What is the greatest common factor of k and 26?
13
Suppose 197*x - 206*x + 1093 = 4*y, 0 = x - y - 133. Let a = -9 - -14. What is the greatest common factor of x and a?
5
Let b = 9 + -13. Let d be (-3)/b*28/7. Let v be (-1140)/d*4/(-5). Calculate the greatest common factor of v and 38.
38
Suppose -19*w - 330 = -4*w. Let c be 32/176 + (-1668)/w. What is the highest common divisor of c and 57?
19
Suppose 2*t + 4*l = -14, -4*t - 1 = -l + 9. Let c be t + 1/(5/105). What is the highest common factor of c and 90?
18
Suppose 0 = 3*l + 3*d - 726, 0 = 4*l - l - 5*d - 686. Suppose 9*p = -66 + l. Calculate the highest common divisor of 247 and p.
19
Let o = -1171 + 1173. Calculate the greatest common factor of o and 1606.
2
Let b be (-10 + 238/28)*(-2320)/12. Calculate the highest common factor of b and 10875.
145
Suppose -12 = 3*y - 48. Let w(a) = -a**3 + 22*a**2 - 18*a - 27. Let k = -111 + 132. Let t be w(k). What is the greatest common divisor of t and y?
12
Suppose -5*o + 2 + 18 = 0. Let d(u) = u + 29. Let y be d(o). What is the greatest common divisor of y and 77?
11
Let u = -47 - -52. Let b be 4/(1 + 3) - -2. Suppose -f + 0*y + 99 = -3*y, -u*y = b*f - 255. Calculate the highest common divisor of f and 36.
18
Let v(y) be the third derivative of 5*y**4/24 - 73*y**3/3 + 24*y**2. Let w be v(31). Calculate the highest common factor of 72 and w.
9
Let t(g) = g**3 + 7*g**2 + 8*g + 14. Let y be ((-2)/4)/(1/12). Let q be t(y). Suppose -i = q*i - 78. What is the greatest common divisor of i and 13?
13
Let p be (35 - 34) + 0 + 41. Let j(d) = 3*d**3 - 6*d**2 + 2*d - 6. Let b be j(4). What is the highest common factor of b and p?
14
Let g(w) be the first derivative of 2*w**3/3 + 49*w**2/2 - 31*w + 222. Let c be g(-26). What is the greatest common factor of 611 and c?
47
Let m(h) = 36*h**3 + 4*h**2 - 3*h + 3. Let y be 1/(-2) - 55/(-22). Let f be m(y). Let r = 50 + f. What is the highest common divisor of r and 39?
39
Let z be (7 - 1)*30/9. Suppose 0 = -2*b + 2*c + 128, -2*b + 9*c + 124 = 8*c. Calculate the greatest common factor of b and z.
20
Let o = -46388 - -46843. Calculate the highest common factor of 1435 and o.
35
Let b be (10 + -1 - 14)*(-12 + -3). What is the greatest common factor of b and 575?
25
Suppose -126 = -12*g + 3*g. Suppose 2 + g = o. What is the greatest common factor of 8 and o?
8
Suppose 0 = -124*x + 131*x - 21. Suppose -x*i + t = -406, i = 2*t - 3*t + 134. Calculate the greatest common factor of i and 15.
15
Let a be 3/(-4) - (-12)/(-80)*-5. Suppose 0 = -4*x - 8, a = -2*m - 2*x + 4 + 2. Calculate the highest common divisor of 85 and m.
5
Suppose 0 = 5*q + 3*m - 2 + 4, -2*q + 5*m + 24 = 0. Let d be (10 - (q - (0 - 2)))/2. Calculate the highest common divisor of 33 and d.
3
Let n(i) = -i**3 - 12*i**2 - i - 63. Let f be n(-19). Calculate the greatest common factor of f and 26.
13
Suppose 0 = 5*o - 3 - 7. Suppose -3*f + 5*l = -134, -2*l = -l - o. Let d = 9 - -23. What is the highest common divisor of d and f?
16
Let b(p) = -23*p - 113. Suppose -1 = -u, 0 = m - 2*m - 3*u - 3. Let w be b(m). Let y be 27 + 6/(3/(-1)). Calculate the highest common divisor of w and y.
25
Let h = 2655 - 2636. Calculate the highest common divisor of h and 2489.
19
Let w be (-16 - -3)*(-4 - -6). Let s = w - -48. Let x = s - 7. What is the highest common divisor of 3 and x?
3
Let i = 23788 + -19727. What is the highest common factor of i and 217?
31
Let m(f) = -f**3 + 5*f**2 + f + 104. Let q be m(7). Let l be (q*1)/(-7 + 3 - -5). What is the highest common factor of l and 39?
13
Suppose -4*n - 5*x + 160 = 0, 34 + 6 = n - x. Suppose -2375 - 285 = -7*s. Calculate the highest common divisor of s and n.
20
Let r = 3757 + -3402. What is the greatest common factor of 2343 and r?
71
Let q(o) = -80*o + 2. Let w be q(2). Let j = -86 - w. Let m be 4304/j + 4/18. What is the highest common divisor of 12 and m?
12
Let x be (-3 + 2)/(3*3/(-477)). Suppose -4*s - 12 = 0, s - x = -3*w - w. Calculate the greatest common factor of 42 and w.
14
Let b = -4364 - -4480. What is the greatest common factor of 1479 and b?
29
Let b be 321/(-6) - 3/6. Let q be (1 - b/(-14))/(8/(-28)). What is the greatest common divisor of 80 and q?
10
Let h = -442 - -446. Let q = -3 + 3. Suppose b - t + q = -2, -24 = -3*b - 3*t. Calculate the greatest common factor of h and b.
1
Suppose -9*f + 7*d + 8823 = 5*d, 0 = -3*f + 5*d + 2928. Calculate the greatest common factor of 63 and f.
9
Let l = 5086 - 5072. What is the greatest common divisor of l and 2331?
7
Let u(f) = -11*f + 138. Let p be u(0). Let x be (-2)/(-3)*p/(-16)*-84. What is the highest common divisor of 42 and x?
21
Suppose 10*a - 1215 = a. Let f be ((-813)/(-18) + (-8)/48)*1. Calculate the highest common factor of a and f.
45
Let h(c) = -14*c**2 - 1141*c - 112. Let w be h(-60). What is the greatest common divisor of 28 and w?
28
Let g(y) = -57*y**2 + 47*y**2 + 118 + 13*y + 27*y**2 - y**3. Let x be g(18). What is the greatest common factor of x and 364?
28
Let u(q) = -8*q + 19 + 14 + 16 - 9. Let g be u(-22). Calculate the greatest common factor of 162 and g.
54
Suppose -5*n - 331 = 4*f - 441, -f - 5 = 0. Let t = -5 + 7. Suppose -n = -3*p + 6*u - 11*u, t*u = 4*p. Calculate the greatest common factor of 16 and p.
2
Let y = -9 + 11. Suppose y*q - 5*x = 43, -x + 39 = 4*q - q. What is the greatest common divisor of q and 182?
14
Let n be ((-36348)/8)/(-13)*10. Calculate the greatest common divisor of 45 and n.
15
Let y(w) = -572*w - 980. Let p be y(-8). Calculate the greatest common factor of p and 58.
58
Let p be (45